) = 24*f. Let y(c) = -c**2 + 8*c - 5. Let s be y(8). Let p(n) = -n**3 - 5*n**2 + n + 6. Let t be p(s). List the prime factors of b(t).
2, 3
Suppose 2*s + 200 = -2*c - 2*s, -2*s = -5*c - 464. Let w = c - -150. What are the prime factors of w?
2, 7
Let c be -1077*(2 - 32/12). Suppose 5*f + 143 = c. Suppose 6*o - f = 3*o - t, -3*t - 187 = -5*o. List the prime factors of o.
2, 19
Let k(z) be the first derivative of 3 + 0*z + 1/3*z**3 - 9*z**2. List the prime factors of k(20).
2, 5
Let r be 9/2*(110 - 0). Suppose -8*b + 13*b - r = 0. List the prime factors of b.
3, 11
Let t be (-282)/(-9)*3 - (5 + -5). Let b = 4 + 1. Suppose t = 4*h - b*z + 28, 3*h + 2*z = 61. What are the prime factors of h?
19
Let r be -1*10/15*-21. Let i(h) = h**3 - 15*h**2 + 17*h - 5. What are the prime factors of i(r)?
37
Let z = -228 + 333. What are the prime factors of z?
3, 5, 7
Suppose 0 = 2*l - 56 - 120. List the prime factors of l.
2, 11
Suppose -6*o = -3*r - o + 2238, r - 5*o = 756. List the prime factors of r.
3, 13, 19
Let t(o) = 2*o**2 - 2*o - 7. Let h(q) = -4*q + 3. Let s be h(-5). Suppose 6*x - 3*u = 2*x + s, -3*u = -3*x + 18. What are the prime factors of t(x)?
3, 11
Suppose 2*b - 1028 = -2*s - 2*b, -1566 = -3*s + 2*b. List the prime factors of s.
2, 5, 13
Let t = -369 - -550. Suppose t = 4*w - 23. What are the prime factors of w?
3, 17
Let d = 597 - -614. Suppose -5*m + 5*g = 4*g - 1207, 5*m - 3*g - d = 0. List the prime factors of m.
241
List the prime factors of 8/6 - -9687*(-40)/(-180).
2, 3, 359
Let u(x) = x + 20. Suppose 0 = 5*g - 32 - 43. List the prime factors of u(g).
5, 7
Let w = -202 + 299. List the prime factors of w.
97
Suppose 78*q = 127*q - 102998. List the prime factors of q.
2, 1051
Suppose -b + 633 = 5*w, 5*w - 1251 = 2*b - 4*b. Suppose 5*t = -4*i + b, 6*i - 2*t = 5*i + 161. What are the prime factors of i?
157
Let s = -10 + 19. Suppose 1357 = 10*c + 13*c. Let t = c - s. List the prime factors of t.
2, 5
What are the prime factors of (18 + (-30450)/20)*2/(-3)?
17, 59
Let k(m) = m**2 - 2*m - 1. Let a be k(1). Let x be (1/(a/72))/(-2). Suppose -s - n + 2 = -9, 0 = 2*s + n - x. What are the prime factors of s?
7
Suppose 12*a + 2520 - 14484 = 0. List the prime factors of a.
997
Suppose -84 = -5*c + 186. List the prime factors of 1254/c + (-6)/27.
23
Let r(l) = -3*l - 1. Suppose 5*q - 4*p + 2 = 0, 3*q + 3*p = 6*q. Let d be r(q). Suppose 2*m + 3*m = i - 19, -10 = d*m. What are the prime factors of i?
3
List the prime factors of (-15 + 472)/(1*(-1 - -2)).
457
Let r = -3106 - -5520. What are the prime factors of r?
2, 17, 71
List the prime factors of (2/3 + -1)/((-15)/18270).
2, 7, 29
Let i(t) = -t + 2. Let m be i(6). Let b(r) = 5*r**2 - 8*r - 13. What are the prime factors of b(m)?
3, 11
Let f(k) = 8 - 2 + 7 + 1 - 4*k**2 - 15*k. Let h(c) = c**2 - 1. Let g(v) = -f(v) - 5*h(v). List the prime factors of g(11).
5, 7
Let h(t) = t**3 - 2*t**2 + t + 2. Let v be h(3). Let n be v - 2*(-1 - -2). What are the prime factors of 178/12 + 2/n?
3, 5
Let b = -139 + 325. What are the prime factors of b?
2, 3, 31
Suppose -2*i - 2*w + 724 = w, -4*w + 372 = i. What are the prime factors of i?
2, 89
Suppose 2*w - 2 = 0, w - 5 = r - 0*w. List the prime factors of (-1 - -1) + (r - (5 + -196)).
11, 17
Let k = 27 - 7. Let l = k + -15. Suppose 0 = -l*v + 35 - 0. What are the prime factors of v?
7
Let i(m) = 107*m**3 + m**2 - 2*m + 2. Let y be i(2). Suppose -6*c + 3*c + y = 0. What are the prime factors of c?
2, 11, 13
Suppose 25 = 2*c + 3*c. Suppose 0 = 3*o - 4*o + c. List the prime factors of -2 + 60 + (o - 2).
61
Let k = 193 + -118. Suppose 399 = 8*y - 297. Suppose 5*l = 4*z + y, -l - 3*l + 5*z + k = 0. What are the prime factors of l?
3, 5
Let h(j) = 59*j**3 + 5*j**2 - 6*j + 2. List the prime factors of h(2).
2, 241
Suppose 5*n = 5 + 20. Suppose -3*b - 4*f + 190 = 0, -3*b + n*b - 5*f = 119. What are the prime factors of b?
2, 31
Let y(k) be the first derivative of 3 - 13/2*k**2 - 1/3*k**3 + 9*k. What are the prime factors of y(-11)?
31
Suppose 0 = -2*n - 0 + 8. Suppose -p = w + p - 136, p = -3*w + 393. Suppose n*v = -v + w. List the prime factors of v.
2, 13
Let x = -2557 + 5574. What are the prime factors of x?
7, 431
Let q = -33 - 92. Let u = q - -177. List the prime factors of u.
2, 13
Suppose -2*o - 2*r - 6 = -0*o, 0 = -2*o + 4*r. What are the prime factors of (-450)/(-24) - o/8?
19
Let a(w) = -4*w**2 + 8*w - 11. Let n be a(5). Let m = -57 - n. What are the prime factors of m?
2, 7
Let d be 12/(-4) + (-20)/(-4). Suppose -1261 = -j - 3*j - 5*c, -3*c = -d*j + 603. What are the prime factors of j/12 + 6/(-8)?
5
Suppose 8*a = -3*a + 66. What are the prime factors of a?
2, 3
List the prime factors of (-3)/((-15)/(-25)) - 6848/(-16).
3, 47
Let b(d) = -7*d**3 - 2*d**2 - 7*d + 6. Let w(h) = 8*h**3 + 2*h**2 + 6*h - 5. Let v = 14 + -20. Let k(s) = v*w(s) - 5*b(s). What are the prime factors of k(-1)?
2, 3
Let m(g) = -g. Let j be m(-3). Suppose -3*z + 3 = -2*c, -4*z - j*c + c + 18 = 0. Suppose -q + 72 = z*q. What are the prime factors of q?
2, 3
Suppose 3*u - 2143 = 863. List the prime factors of u.
2, 3, 167
Let u = 183 + -109. Suppose -u = -3*b - 11. List the prime factors of b.
3, 7
Let i(v) be the third derivative of 6*v**4 - 7*v**4 - 4*v**2 + 10*v**2. What are the prime factors of i(-2)?
2, 3
Let s be (56/98)/((-4)/14). What are the prime factors of ((-9)/s)/(9/48)?
2, 3
What are the prime factors of 12/9*(1 - -71)?
2, 3
Suppose -b = 3*a + 2*b - 576, 3*b = 0. Let c(z) = z**2 + 41*z + 11. Let n be c(-4). Let v = n + a. What are the prime factors of v?
5, 11
Suppose -381 - 91 = -q. List the prime factors of q.
2, 59
Suppose 12*h - 4365 - 1683 = 0. What are the prime factors of h?
2, 3, 7
Let c(o) = -o - 4. Let f be c(-8). Suppose -12 = r + 2*h - 46, 2*r - 5*h = 59. Suppose 0 = -f*s - 0*s + r. What are the prime factors of s?
2
Let w(v) = 52*v**2 + 10*v + 61. List the prime factors of w(-4).
853
Let g be 0*(2 + (-5)/3). Suppose -i + 3*w + 71 = g, -3*i + 2*w - 25 = -231. What are the prime factors of i?
2, 17
Suppose 18*o = 3633 + 1299. List the prime factors of o.
2, 137
What are the prime factors of (-16)/10*(-35)/(-42)*-195?
2, 5, 13
What are the prime factors of 29*(-7)/((-21)/33)?
11, 29
Suppose -13*l + 180 = -10*l. Suppose 4*q = 4*t + l, -5*q - 5*t + 28 - 3 = 0. What are the prime factors of q?
2, 5
Let d(n) = n**3 - 5*n**2 - 6*n + 3. Let u be d(6). Suppose -u*z = -5*c - 901, -4*z + 2*c + c = -1205. What are the prime factors of z?
2, 151
Let c(x) = 5*x**3 - x**2 - 4. Let f(v) = 6*v**3 - v**2 - 4. Let l(y) = 7*c(y) - 6*f(y). Let u be l(0). What are the prime factors of (-10)/u*(-18)/(-15)?
3
Let o(u) = -16*u - 36. Suppose 44 - 24 = -d. What are the prime factors of o(d)?
2, 71
Suppose -3*n + 410 = h - 477, -h - n = -887. What are the prime factors of h?
887
Let m be 4/(44/(-46) + 1). Let r = m - 8. List the prime factors of r.
2, 3, 7
Let y be (8/(-2) - 4) + 2. Let c(a) = a**2 + 5*a - 5. Let m be c(y). List the prime factors of ((-3)/6)/m*-46.
23
Suppose 0 = -g + 14*g + 26. Let a be 10 + 4/2 + -2. What are the prime factors of ((-45)/a)/(g/12)?
3
Let y = 128 + -75. Let n = y - -2. Suppose 0*j - j = 2*b - n, 3*b + 2*j = 84. List the prime factors of b.
2, 13
Let h(d) = -d - 13. Let t be h(-15). Suppose 2*b = -t*o - 0*o - 14, -2*b + 2*o = 14. Let k = b + 14. List the prime factors of k.
7
Let u(b) = -b**2 + 15*b - 44. Let q be u(12). Let h(y) = -7 + 2*y + 12 + 14. What are the prime factors of h(q)?
3
Let w(b) = -8*b**3 - 3*b + 1. What are the prime factors of w(-2)?
71
Suppose 14*l - 2*l = 516. What are the prime factors of ((-5)/(-1))/(4 - l/11)?
5, 11
Let x(g) = 2*g + 25. Let k be x(-13). Let b be (8 - 0) + k + -1. List the prime factors of -2 + b - (-2 - -3).
3
Let p(n) = -46*n - 291. What are the prime factors of p(-28)?
997
Let l(z) = z**3 - 10*z**2 - 11*z + 4. Let s be l(11). Suppose -2*p = -4*q - 100, -s*q - 108 - 40 = -3*p. What are the prime factors of p?
2, 3
Let n(k) = 52*k - 330. What are the prime factors of n(21)?
2, 3, 127
Let u be ((-10)/20)/((-1)/6). Suppose 5*j = 2*o - 71, 6*o = u*o + j + 87. What are the prime factors of 8/o - 570/(-14)?
41
Let j = 54 - 498. Let z = -276 - j. List the prime factors of z.
2, 3, 7
Let y be 18/6 + 1/(-1). What are the prim